**2 + 3*c + 62. Give l(11).
700
Let f(d) = 60816*d - 547293. Determine f(9).
51
Let x(w) = -445*w**2 + 43*w + 46. Calculate x(2).
-1648
Let h(y) = 407521*y - 2852580. Calculate h(7).
67
Let l(o) = o**3 - 157*o**2 + 182*o - 4522. Determine l(156).
-466
Let i(m) = 5*m**3 + 429*m**2 + 348*m + 170. Determine i(-85).
-510
Let p(c) = -243033*c - 8749182. Calculate p(-36).
6
Let u(g) = 100*g**2 - 24145*g - 48295. Determine u(-2).
395
Let u(x) = 64*x**2 - 828*x - 8. What is u(13)?
44
Let m(l) = -2*l**3 + 55*l**2 - 417*l + 570. Give m(12).
30
Let u(w) = 5822*w - 11848. Determine u(2).
-204
Let w(u) = 2*u**3 - 6*u**2 + 785*u + 1588. Determine w(-2).
-22
Let w(n) = 112*n**2 - 185*n + 933. Calculate w(5).
2808
Let y(g) = 8*g**2 + 65*g + 52. What is y(-3)?
-71
Let p(t) = 25*t**2 - 38*t + 36. What is p(2)?
60
Let g(s) = 2*s**2 - 181*s - 364. What is g(-2)?
6
Let j(q) = -9*q**2 + 164*q + 1970. Calculate j(-11).
-923
Let m(s) = -3*s**2 + 96*s + 882. Give m(-10).
-378
Let v(y) = 22*y**2 + 397*y - 64693. Determine v(-64).
11
Let f(m) = -1049*m - 109886. Calculate f(-104).
-790
Let l(q) = -1879*q**2 - 5622*q + 43. What is l(-3)?
-2
Let d(v) = 11333*v + 22664. What is d(-2)?
-2
Let k(t) = -t**2 - 23522*t + 6664544. Give k(280).
-16
Let y(p) = -715*p**2 - 15075*p - 1267. Give y(-21).
-7
Let l(g) = -8*g**2 + 90*g + 41. Determine l(8).
249
Let s(f) = -f**3 + 587*f**2 - 6891*f - 5163. What is s(575)?
12
Let n(q) = -4*q**2 + 279633*q - 1118535. Give n(4).
-67
Let j(a) = 2*a**2 + 17*a - 36797. Determine j(-140).
23
Let q(s) = -14390*s + 230217. Determine q(16).
-23
Let f(l) = -3*l**3 - 156*l**2 + 6*l + 72. Determine f(-52).
-240
Let u(d) = -231*d - 1563. Determine u(-4).
-639
Let x(w) = 10805*w - 388977. What is x(36)?
3
Let l(c) = 13*c**3 + 600*c**2 + 2267*c - 9. What is l(-42)?
33
Let f(q) = -3*q**3 + 19*q**2 - 6*q + 42. Give f(6).
42
Let t(x) = x**3 + 38*x**2 - 105*x - 2609. What is t(-40)?
-1609
Let j(k) = k**2 - 1460*k - 7337. Determine j(-5).
-12
Let g(x) = x**3 + 23*x**2 - 5*x + 33. Calculate g(0).
33
Let o(i) = i**2 - 1080*i - 21295. What is o(-19)?
-414
Let d(s) = 9*s**2 + 409*s - 2072. What is d(5)?
198
Let j(d) = 19*d**3 + 2*d**2 - 15*d + 61. Give j(3).
547
Let l(j) = -12677*j - 1597279. Determine l(-126).
23
Let h(m) = 4*m**3 + 95*m**2 - 197*m + 897. Determine h(-26).
-65
Let x(b) = 172*b + 800. Calculate x(2).
1144
Let l(x) = -x**2 - 54*x - 1279. Determine l(-28).
-551
Let x(y) = y**2 + 139*y - 7449. Determine x(41).
-69
Let k(j) = 752*j + 14079. Calculate k(-19).
-209
Let p(c) = 243*c - 7312. What is p(30)?
-22
Let m(n) = -748*n + 5304. Calculate m(7).
68
Let h(b) = -6*b**3 - 28*b**2 + 44*b + 240. What is h(-7)?
618
Let d(v) = 2*v**3 - 1160*v**2 + 12515*v + 1730. Give d(569).
23
Let n(c) = c**3 - 37*c**2 + 275*c - 5951. Calculate n(34).
-69
Let l(d) = 8*d**3 - 105*d**2 - 539*d + 219. What is l(17)?
15
Let a(u) = -u**2 + 424879*u + 424877. Calculate a(-1).
-3
Let i(c) = -99*c + 10192. Calculate i(103).
-5
Let v(t) = 204*t**3 - 820*t**2 - 24*t + 30. What is v(4)?
-130
Let j(d) = 4*d**3 - 72*d**2 - 1652*d + 10888. Give j(29).
-16
Let w(y) = 5*y - 439. Calculate w(78).
-49
Let k(s) = -10*s**3 + 13*s**2 - 97*s + 280. Give k(3).
-164
Let h(z) = -3444*z + 52601. What is h(15)?
941
Let b(m) = -2*m**2 + 234743*m - 19. What is b(0)?
-19
Let c(r) = -10461*r + 52156. What is c(5)?
-149
Let b(q) = q**3 + 3*q**2 - 21*q + 348. Determine b(0).
348
Let d(r) = -r**2 + 22272*r - 66799. Calculate d(3).
8
Let p(i) = -i**3 - 8*i**2 + 836*i + 2547. Determine p(-3).
-6
Let z(m) = -14076*m - 239306. Give z(-17).
-14
Let m(d) = 2571*d + 2550. Determine m(-1).
-21
Let g(f) = -3*f**2 + 20464*f + 20474. Give g(-1).
7
Let s(h) = h**3 + 125*h**2 - 666*h - 1080. Give s(-130).
1000
Let d(a) = 5*a**3 + 158*a**2 - 64*a + 45. Determine d(-32).
45
Let s(v) = v**3 + 546*v**2 + 41039*v - 101. What is s(-90)?
-11
Let t(k) = k**3 + 115*k**2 - 136*k - 2317. Calculate t(-116).
3
Let g(v) = 2*v**3 + 358*v**2 + 8824*v - 3499. Determine g(-30).
-19
Let d(n) = 110*n**2 + 4371*n - 4481. Give d(1).
0
Let g(c) = -240166*c - 1440928. What is g(-6)?
68
Let u(r) = 3798*r + 1891477. What is u(-498)?
73
Let s(u) = -52*u**2 - 1456*u - 215. Give s(-28).
-215
Let d(v) = -14868*v - 3969724. Calculate d(-267).
32
Let a(m) = 2*m**3 - 936*m**2 - 9576*m - 149. Determine a(-10).
11
Let n(q) = -q**2 + 656*q + 4531. Give n(-7).
-110
Let w(l) = l**3 - 108*l**2 - 43*l + 3467. Determine w(108).
-1177
Let h(i) = 6*i**3 + 36*i**2 + 75*i - 704. Determine h(-9).
-2837
Let j(v) = v**2 + 148*v - 19383. What is j(-232)?
105
Let z(w) = 43595*w - 653884. Give z(15).
41
Let r(o) = -36569*o - 3730048. Calculate r(-102).
-10
Let o(w) = 7098*w - 71058. Determine o(10).
-78
Let m(t) = -4*t**3 + 1104*t**2 + 25*t - 6935. Determine m(276).
-35
Let s(f) = -301*f - 2386. What is s(-6)?
-580
Let c(i) = -i**3 + 68*i**2 + 4826. Calculate c(69).
65
Let g(p) = 5*p**3 + 1223*p**2 - 22235*p - 21. Give g(17).
-4
Let b(l) = 77*l + 12631. Give b(-195).
-2384
Let p(a) = a**2 - 146*a - 19677. Give p(-85).
-42
Let g(s) = 2*s**3 - 74*s**2 + 387*s - 2147. Determine g(32).
-3
Let l(o) = -o**2 + 309*o + 6742. Give l(-20).
162
Let j(p) = 253*p - 12101. What is j(43)?
-1222
Let b(s) = -2*s**2 + 44*s + 934. What is b(-15)?
-176
Let g(q) = 1600*q - 337650. Determine g(211).
-50
Let s(t) = t**2 + 23*t - 2966. What is s(-36)?
-2498
Let i(t) = -1533*t - 45604. Give i(-30).
386
Let b(r) = -6887*r - 530304. What is b(-77)?
-5
Let b(q) = 9769*q - 1035516. Calculate b(106).
-2
Let t(r) = 2*r**2 - 1108*r + 25418. What is t(24)?
-22
Let z(r) = -r**3 + 49*r**2 + 204*r + 144. What is z(53)?
-280
Let i(u) = 98661*u**2 - 295976*u - 15. What is i(3)?
6
Let b(o) = -366*o**2 + 4027*o - 23. Calculate b(11).
-12
Let g(o) = -2*o**2 - 585*o - 36399. What is g(-91)?
274
Let k(v) = 10*v**2 - 607*v + 266. Give k(60).
-154
Let c(w) = w**3 + 118*w**2 + 1088*w + 56. Calculate c(-10).
-24
Let y(t) = 5*t**3 + 15*t**2 + 178*t + 927. Give y(-5).
-213
Let j(i) = 3*i**2 + 87*i + 6. Calculate j(-1).
-78
Let f(p) = -4796*p + 23998. What is f(5)?
18
Let u(b) = -193017*b + 2702211. Determine u(14).
-27
Let i(o) = -o**2 - 160*o + 16284. Calculate i(71).
-117
Let j(l) = 9449*l + 689691. What is j(-73)?
-86
Let n(w) = -6*w**2 + 14165*w - 42435. Calculate n(3).
6
Let t(l) = 2*l**2 + 621*l - 15147. Give t(23).
194
Let u(v) = -13*v**3 + 16*v**2 - 2225*v + 4490. What is u(2)?
0
Let h(q) = -21028*q - 1366807. What is h(-65)?
13
Let p(t) = 303133*t + 1515658. Calculate p(-5).
-7
Let v(k) = 4*k**2 + 2369*k - 16652. Determine v(7).
127
Let a(i) = -596*i - 98942. Determine a(-166).
-6
Let u(b) = 491*b + 180699. Determine u(-368).
11
Let l(k) = 3*k**3 + 698*k**2 + 465*k + 285. What is l(-232)?
53
Let z(u) = -755*u**2 - 274*u - 25. Give z(-1).
-506
Let o(s) = -3061*s + 23354. Determine o(7).
1927
Let v(q) = 3*q**2 - 97*q - 14279. Calculate v(87).
-11
Let g(m) = 474901*m - 949790. Determine g(2).
12
Let x(r) = r**2 - 83000*r - 20562015. Give x(-247).
-6
Let o(w) = 3*w**3 - 7*w**2 - 42*w - 46. Determine o(-3).
-64
Let t(j) = 8*j**3 - 15*j**2 + 7*j + 278. Determine t(-7).
-3250
Let c(t) = -24*t**2 - 124*t + 67. Determine c(-7).
-241
Let j(g) = 22003*g + 153951. Give j(-7).
-70
Let f(p) = -11*p**3 + 582*p**2 + 44*p + 323. Determine f(53).
-154
Let s(v) = -v**3 - 35*v**2 - 54*v - 442. Determine s(-34).
238
Let a(w) = 7*w**3 + 626*w**2 + 289*w + 681. Give a(-89).
-1277
Let d(z) = 113126*z + 2488774. Calculate d(-22).
2
Let c(i) = -63*i**2 + 343*i + 1584. Calculate c(-4).
-796
Let g(f) = -2*f**3 - 22*f**2 + 26*f - 3. Calculate g(-12).
-27
Let w(b) = -b**3 - 454*b**2 + 11966*b - 4316. Give w(-479).
-5
Let v(b) = 41390*b + 9974990. Calculate v(-241).
0
Let x(i) = 148*i - 2239. Determine x(27).
1757
Let f(l) = 3*l**3 - 108*l**2 - 295*l + 13947. Calculate f(35).
-53
Let s(u) = 2*u**3 - 23*u**2 + 464*u - 1224. Give s(3).
15
Let w(f) = -f**2 + 177412*f + 1419351. Calculate w(-8).
-9
Let g(j) = -3*j**3 - 117*j**2 + 562*j - 104. What is g(-43)?
-2082
Let b(p) = p**3 - 11*p**2 + 111611*p - 781078. Determine b(7).
3
Let b(o) = 2*o**3 + 601*o**2 - 247*o + 16273. Calculate b(-301).
19
Let f(c) = -1374*c + 208840. Determine f(152).
-8
Let u(b) = 122*b + 5010. Determine u(-44).
-358
Let g(w) = 2*w**3 + 698*w**2 - 3553*w - 4549